er when f is divided by 13.
12
Let x(w) = w**3 - 5*w**2 + 4*w + 4. Let b be ((-16)/(-6))/(20/30). Calculate the remainder when -7*(0 - (b + -3)) is divided by x(4).
3
Suppose 0 = -4*l + 32. Calculate the remainder when 31 is divided by l.
7
Suppose 2*f = -5*h - 5, 0*f + 5*h = -3*f. Let u = f - -1. What is the remainder when 9 is divided by u?
3
Let n(g) = 10*g**3 - 31*g**2 - 2*g - 10. Let o(u) = 7*u**3 - 21*u**2 - u - 7. Let l(c) = -5*n(c) + 7*o(c). What is the remainder when l(7) is divided by 18?
17
Let s = 38 + -7. What is the remainder when s is divided by 4*6*(-4)/(-6)?
15
Let o = 116 - 87. Let a = -10 - -18. What is the remainder when o is divided by a?
5
Let v(c) = -c**2 + 6*c - 2. What is the remainder when 23 is divided by v(4)?
5
Suppose -x + 0 = -2. Suppose 2 = l + o, l = -3*l + 5*o - 10. Calculate the remainder when (4 - 2) + l/1 is divided by x.
0
Suppose -4*d = 8, 5*o - 82 = -d - 3*d. Let m = o - 33. Let k = m + 28. Calculate the remainder when 25 is divided by k.
12
Suppose 0 = -l - 0*l + 2. Let f be -2*l/(2 - 4). Suppose -4*m + 4*u + 128 = f*u, m - 3*u = 27. Calculate the remainder when m is divided by 17.
16
Let l(m) = 5*m + 9. Calculate the remainder when l(6) is divided by 10.
9
Suppose 14 + 22 = 2*r. Suppose 0*s + r = 2*s. Calculate the remainder when s is divided by 5.
4
Suppose 2*x - 133 = 3*k + 38, 0 = 3*x + k - 273. Calculate the remainder when x is divided by 23.
21
Let g = -7 + 9. Suppose -272 = y - 5*y. What is the remainder when y is divided by -2 + (3 - g) - -24?
22
Let g = -16 + 42. Calculate the remainder when g is divided by 9.
8
Suppose -3*z + 48 = -2*q, 3*q - 64 = -4*z + 6*q. Calculate the remainder when z - (1 + 0 + -1) is divided by 9.
7
Suppose -5*k + l = -11, -1 = 3*k - 3*l + 2. Suppose 0*w - k*w - 63 = -3*x, -4*w - 48 = -2*x. Calculate the remainder when 34 is divided by x.
16
Let n(z) = -2*z**3 - 2*z**2 + 3*z - 4. Let l = -114 - -157. What is the remainder when l is divided by n(-3)?
20
Calculate the remainder when 1 is divided by (-5)/(-7) + 8/28.
0
Suppose 2*v = -6, -k + 2*v - v = -14. Let g = 18 - k. Calculate the remainder when 33 is divided by g.
5
Let c = 21 - 17. Suppose 2*n - 3*z - 4 = 0, -23 = -4*n - 3*z + 3. Suppose g - 3*g - 44 = -n*l, -l + g + 7 = 0. Calculate the remainder when l is divided by c.
2
Let k(m) be the second derivative of -m**4/12 - 2*m**3 - 9*m**2/2 + 9*m. Let n(x) = -8*x. What is the remainder when n(-4) is divided by k(-10)?
10
Suppose -5*j + 80 = -170. Suppose 0 = -d - 3*h + 18, -6*d = -d + 5*h - j. What is the remainder when 19 + 2 - (1 - 1) is divided by d?
3
Let t = 24 - 22. Calculate the remainder when 2 is divided by t.
0
Let p(j) = j + 1. Let y be p(-1). Suppose -2*r + 0*r - 4 = y. Let z(l) = l**2 + l. What is the remainder when 2 is divided by z(r)?
0
Let w(l) = 19*l**2 - 2*l + 1. Suppose 0*t + 3*t = 3*m - 30, t - 3*m + 14 = 0. What is the remainder when t/2*(-51)/6 is divided by w(1)?
16
Let d(g) = -g**2 + 4*g + 6. Let t be d(8). Let r = t - -48. What is the remainder when 65 is divided by r?
21
Let s(k) = -k**3 - 16*k**2 - 2*k - 20. Let m be s(-16). Calculate the remainder when 17 is divided by 0 + m + (-3 - -1).
7
Let b = 14 + -11. What is the remainder when 7 is divided by b?
1
Let o = 22 - 3. Calculate the remainder when 55 is divided by o.
17
Let s(d) be the second derivative of -5*d**3/6 + 9*d**2/2 - 3*d. Calculate the remainder when s(-5) is divided by 12.
10
Suppose -8*f = -5*f + 2*w - 41, w - 15 = -f. What is the remainder when 13 is divided by f?
2
Let x(w) = -w**2 + 12*w + 9. Let l be (9/4)/((-15)/(-80)). Let v = 27 + -11. What is the remainder when v is divided by x(l)?
7
Let n = -22 + 42. Suppose 2*o + 4*f - 20 = 0, -3*f = -2*o + 6*o - n. Suppose 2*c + o*i = 38, 0*i - 2 = -i. What is the remainder when 49 is divided by c?
15
Suppose 2184 = -127*c + 134*c. What is the remainder when c is divided by 15?
12
Let r(h) = h**3 + 7*h**2 + 5*h - 4. Suppose 3*d + 1 + 6 = x, d = 3*x - 13. What is the remainder when r(-6) is divided by (4/d)/2 - -3?
0
Let j be (-135)/(-2) - 15/(-30). Let d = j + -48. Calculate the remainder when d is divided by 8.
4
Suppose 40 = 4*i - 2*h - 0, 5*i - 35 = -5*h. Suppose -690 - 80 = -22*p. Calculate the remainder when p is divided by i.
8
Let r(y) = y**2 - 15*y + 62. What is the remainder when r(19) is divided by 48?
42
Calculate the remainder when ((-1)/(-3)*4)/(4/66) is divided by 6.
4
Let p = 10 - 7. Suppose -2*t - 88 = -3*k - 7*t, 5*k + 5*t = 140. Calculate the remainder when k is divided by 4/p*(-21)/(-2).
12
Suppose 5*v - v = 4*c - 28, 5 = -c. Let n be (8/v)/(4/(-30)). Suppose 2 - 3 = -4*g + 5*j, -4*j + 32 = n*g. Calculate the remainder when 10 is divided by g.
2
Suppose 50 = 5*g - 4*j, 0*g - 5*g = -j - 50. What is the remainder when 26 is divided by g?
6
Suppose 4*y - 2*y - 2*q - 40 = 0, 5*y = -4*q + 118. What is the remainder when y is divided by 21?
1
Let j(o) = -2*o**3 - 8*o**2 - 4*o + 1. What is the remainder when j(-5) is divided by 36?
35
Let p(d) = -d + 24. Let w(g) = -37*g**3 + g**2 - 1. Calculate the remainder when w(-1) is divided by p(11).
11
Let s(k) = -k**3 + 7*k**2 - 5*k - 4. Let v be s(6). Suppose 2*g + d = -2*d + 34, -g - v*d + 17 = 0. Calculate the remainder when g is divided by 6.
5
Let a(g) = 2*g - 6. Let m be (-2)/((-12)/5 - -2). What is the remainder when 10 is divided by a(m)?
2
Suppose -4*d + h + 568 = 0, 0*d - 145 = -d + h. Calculate the remainder when d is divided by 36.
33
Let c = 8 + -3. Let d(g) = g**2 - 4*g + 1. Let k(o) = o**3 - 4*o**2 + 3*o - 1. Calculate the remainder when k(4) is divided by d(c).
5
Suppose -2*r = 5*n - 29, -3*r + 59 = -n - 10. What is the remainder when r is divided by 12?
10
Let o = -4 + 0. Let x(b) = -b**3 - 5*b**2 - 5*b - 2. Let v be x(o). Suppose -6 = w + v*w, -2*i = 5*w. What is the remainder when i is divided by 3?
2
Calculate the remainder when (30/(-3))/2*(-13 + 0) is divided by 17.
14
Let h be (-15)/((36/8)/(-3)). What is the remainder when (-1148)/(-26) - h/65 is divided by 15?
14
Let v be (1/3)/(3/(-9)). Let t = 15 - 4. Calculate the remainder when (v - 0)*62/(-2) is divided by t.
9
Let j = 4 - 10. Let f be (j/9)/((-2)/93). Suppose 2*h - f = -11. What is the remainder when h is divided by 4?
2
Let n be ((-22)/1)/(1/2). Let b = 68 + n. Calculate the remainder when 71 is divided by b.
23
Let g(h) = -20*h**3 - h**2. Let o = -2 - -7. Calculate the remainder when g(-1) is divided by o.
4
Let d(n) = n**2 - 5*n + 4. Suppose -6 = -5*a + 24. Suppose 0*u = -4*i + 2*u + 118, 0 = -5*i - 5*u + 140. Calculate the remainder when i is divided by d(a).
9
Let f(s) = 4*s - 1. Let t = 1 - -3. What is the remainder when f(t) is divided by 4?
3
Calculate the remainder when (2 - -3) + 35 + -1 is divided by 14.
11
Suppose -h = -a, -3*h + 5*a - 11 = -1. Let v = 24 - -11. Suppose -5*l + v = -4*y, -5*y - 10 = -3*y. Calculate the remainder when h is divided by l.
2
Suppose 0 = -5*f - 15, -4*r + 7*f = 2*f - 3. Let y = 22 + -15. What is the remainder when r/(9/(-20))*3 is divided by y?
6
Let u = -48 + 78. Suppose 0 = -0*y + 3*y - 21. Suppose 5*j = 4*n + 80, -2*j + y*j = -2*n + 80. What is the remainder when u is divided by j?
14
Let t be 1/5 + 19/5. Suppose 0 = t*u - 5*g - 152, 0 = -3*u - 0*g + g + 103. Calculate the remainder when u is divided by 17.
16
Let d(t) = t**3 + 8*t**2 + t + 6. Let m be d(-8). Let f be -7*(-1 + m + 4). Let h = f + 14. What is the remainder when 13 is divided by h?
6
Let a be (-50)/(-18) + (-2)/(-9). Suppose 1 = -b + 2*g + 5, a*b = -2*g + 4. Suppose -b*h = 3*h - 95. Calculate the remainder when h is divided by 7.
5
Suppose 26 + 23 = r - 5*i, 5*r = -5*i + 185. What is the remainder when (-6)/r + 2935/65 is divided by 23?
22
Suppose -21 - 69 = -3*h. Let z(m) = 5*m**2 + 3*m + 2. Let v be z(-2). Let c = h - v. Calculate the remainder when 41 is divided by c.
13
Let j = -36 - -39. Calculate the remainder when 6 is divided by j.
0
Suppose 0 = 2*o - 3*r - 35, 3*r - 65 = -4*o - 22. What is the remainder when 49 is divided by o?
10
Suppose 2*q - 30 = 2*u, 3*q + 51 = 6*q - u. Suppose 0 = o - 4*o + q. Calculate the remainder when o/3*4*5 is divided by 14.
12
Let q = 5 - 5. Suppose q = t - 7 - 13. Suppose -5*u + t = 0, -3*x + 2*u = 5*u - 42. What is the remainder when 28 is divid